j(3). Let l be c/7 - 32/112. Let r(k) = k + l - 1 + k. Give r(1).
1
Let j(o) = 2*o. Let k be j(-1). Let f be (k/3)/((-10)/15). Let z(i) = 6*i**2 + i - 1. Calculate z(f).
6
Let k(p) = 3*p + 787 - 1576 + 782. Suppose 10 = -3*t + 5*r, -2*r = 2*t - 0*r - 20. Suppose -t*y = o - 10, 0 = 2*o + 2*o - 2*y - 18. What is k(o)?
8
Let x(d) = -d**2 - 4*d + 14. Let p be x(3). Let m(l) = 3*l**2 + 9*l - 1. Let n(f) = 7*f**2 + 18*f - 3. Let r(v) = 5*m(v) - 2*n(v). Determine r(p).
-13
Let a(x) = x**3 - 1. Let d(t) = 75*t**2 - t + 2. Let q be d(1). Let l = -76 + q. Give a(l).
-1
Let g(h) = -h**3 + 9*h**2 - 9*h + 10. Let b be g(8). Suppose -b*w = -5*o + 1 - 8, -4*w = -5*o + 1. Let q(z) = z + 2. What is q(w)?
-2
Let u be 1000/(-260) - ((-6)/13)/(-3). Let d(p) = 9*p - 4. Calculate d(u).
-40
Let u(s) = 4*s - 14 - 9 + 4*s**2 - 3*s**2 + 20. Calculate u(-5).
2
Let y(j) = 27*j - 3. Let h(s) = -9*s + 2. Let l(k) = 5*h(k) + 2*y(k). Calculate l(-3).
-23
Suppose 2*g + n = 5, 0 = n - 1 - 2. Let q(c) be the first derivative of -1/2*c**2 - 1/3*c**3 + 3/4*c**4 - 5 + c. Calculate q(g).
2
Let z(j) = 2*j**3 - 3*j**2 + 2*j - 3. Let s(k) = k**2 - 11*k - 10. Let c be s(12). Let u(g) = 13*g**2 + 3 - 5*g - 14*g**c + 5. Let d be u(-6). What is z(d)?
5
Let o(s) be the second derivative of -s**4/12 + 2*s**2 + 21*s + 5. Give o(-5).
-21
Suppose 4*g + 6*g = 30. Let x(q) = -2*q**2 + 2*q**2 - q + 3*q**2 - q**3 - 3. What is x(g)?
-6
Suppose 4*s - t - 1 - 4 = 0, 0 = -5*s + t + 6. Let a(z) = 24*z. Give a(s).
24
Let c(u) = -u**2 - 8 + 21*u - 7*u - u**2 + 0*u**2. Let r be c(6). Suppose -4 = r*y + 20. Let v(w) = w**2 + 4*w - 2. What is v(y)?
10
Let g(t) be the first derivative of -t**2 - 24*t - 72. Give g(-12).
0
Let s(w) be the third derivative of -w**5/60 + 7*w**4/24 - 4*w**3/3 + 2*w**2 - 25*w. Calculate s(6).
-2
Let j(l) = 9*l - l - 2 - 9*l. Let s(o) = o**3 + 5*o**2 + 4*o - 1. Let z be s(-3). Let k be 24/5 + 1/z. Determine j(k).
-7
Let y be (50 - 45)*(1 - 0). Let d(k) be the third derivative of -5*k**2 + 0*k**3 + 7/60*k**y + 0*k + 0*k**4 + 0. What is d(-1)?
7
Let p(k) be the third derivative of -k**4/12 + 5*k**3/3 + 100*k**2. Calculate p(8).
-6
Let v be -1 + 6 + 17/(-17). Let d(n) be the third derivative of 0 - 1/120*n**6 + 2/3*n**3 + 0*n + 1/12*n**4 + n**2 + 1/20*n**5. Calculate d(v).
-4
Suppose -g + 44 = -2*m, 2*m = 6*g - 3*g - 152. Suppose -5*z = z + g. Let a(s) = -s - 12. Determine a(z).
-3
Let s = 7 - 5. Let j(c) = -5*c**s - c**3 + 8 + 0*c - 2*c - 5*c + 12*c**2. Let d(m) = -m**2 - 11*m - 4. Let u be d(-10). What is j(u)?
2
Suppose 2 - 1 = -n. Let x(r) be the second derivative of -r**3/6 - r**2 - 96*r - 11. Give x(n).
-1
Let v(t) = 7*t**2 + 14*t - 3. Let i(j) = j**3 - 17*j**2 - 34*j + 7. Let a(c) = -5*i(c) - 12*v(c). What is a(-1)?
5
Let h(n) = -3*n**2 - 16*n + 1. Let o(f) = 2*f**2 + 8*f. Let g(y) = -3*h(y) - 5*o(y). What is g(7)?
4
Let a be 2/(-16)*-35 - -66*(-32)/5632. Let v(g) = -6*g**2 + g**3 - 1 + 5 + 6*g - 2*g. What is v(a)?
-12
Let c(k) = -4*k - 10. Let l(s) be the first derivative of 2*s**2 + 9*s + 5. Let x(d) = 3*c(d) + 4*l(d). What is x(-5)?
-14
Let j(d) be the second derivative of -d**5/20 - d**4/6 + 2*d**2 + 24*d. What is j(-2)?
4
Let m(b) = -11*b**3 - 2*b**2 + 15*b - 15. Let h(n) = 5*n**3 + n**2 - 7*n + 8. Let f(z) = 13*h(z) + 6*m(z). What is f(0)?
14
Suppose 0 = 5*w + r + 41, -15*w - r - 14 = -13*w. Let l(y) = y - 8. Calculate l(w).
-17
Let r be 0 + (-24)/(-15) + 14/35. Let x = 6 + -3. Let i(t) = -2*t**2 + x*t**r - 4*t**2. Give i(-1).
-3
Let q(h) be the second derivative of -5/2*h**2 + 0 - 2*h + 0*h**4 - 1/60*h**5 - 1/6*h**3. Let k(r) be the first derivative of q(r). Calculate k(-2).
-5
Let i(q) = 2*q**3 - 9*q**2 + 6*q + 4. Let x(z) = -z**3 + 4*z**2 - z - 1. Let d(k) = i(k) + 3*x(k). Determine d(4).
-3
Let f(p) be the first derivative of 19 - 4*p - 3/2*p**2. Determine f(-3).
5
Let v(i) = i**2 - 11*i + 4. Let p = 160 + -151. Determine v(p).
-14
Let i(a) = a**2. Let w(h) = -2*h**2 - 2*h + 1. Let u(b) = -3*i(b) + w(b). Let y(z) = 2*z**2 + 7*z - 3. Let o be y(-4). Give u(o).
-6
Let c(p) = -p - 2. Suppose 94*a - 17*a + 308 = 0. What is c(a)?
2
Suppose 7*w - 6*w - 56 = 0. Suppose 0 = f - i - 18, -f - f - 3*i = -w. Suppose 0*g - 4*g - 2*o + f = 0, -26 = -2*g + 4*o. Let z(t) = 2*t - 7. Give z(g).
7
Let t(j) = 2*j + 0 - 1 - j**3 + 0*j**3 - 5*j**2 - 6*j. Let m = 32 + -38. Let o be (8/m)/(3/9). Determine t(o).
-1
Let x(p) = -p - 2. Suppose -5*u - 2*f = 3*f + 30, -11 = 2*u + f. Give x(u).
3
Suppose -22 = -5*z + 3*x, -3*z + 23 - 4 = 4*x. Let h be 8/10*(75/(-6))/(-5). Let d(m) = m**3 - 91*m**2 + 3*m - 91*m**2 - 7 + 177*m**h. Calculate d(z).
8
Let i(v) = -2*v**3 + 3*v**2 - v - 1. Let d be 20/(-7 + 2) + -13. Let a(j) = -j**3 - 17*j**2 + 2*j + 36. Let t be a(d). What is i(t)?
-7
Let c(a) = -a**2 - 4*a + 11. Suppose -3*x = 7 + 8. Determine c(x).
6
Let q be 2/6 - (-324)/(-243). Let l(r) = 8*r**2 - 2*r - 2. Calculate l(q).
8
Suppose 26 = -4*c + 2*s, -c + 4*s - 16 = -2*c. Let u(w) = w**2 + 8*w + 10. Determine u(c).
-6
Let o(a) be the second derivative of a**3/2 + 27*a**2/2 + 506*a. Determine o(-5).
12
Suppose -d - 2 = -0. Let f be (0/(-7))/(0 - d). Suppose 2*g + 4*g + 18 = f. Let t(z) = -z**2 - 3*z. What is t(g)?
0
Let x(g) = 2*g**3 + 2*g**2 - 2*g - 1. Let h be (13 + -10)*3/9*-2. Let m be x(h). Let z(s) = s**2 + 5*s + 4. Calculate z(m).
4
Let k(v) = v**2 + 8*v + 22. Let n be k(-5). Suppose 0 = m - 3*w - n, w + 6 = -5*m - 39. Let s(u) = -u**3 - 9*u**2 - 9*u - 9. Give s(m).
-1
Let n be 589/62*(-3 + 1). Let x(d) = d**2 + 19*d - 1. Give x(n).
-1
Let n(r) = -r**3 + 4*r**2 + 5. Suppose 5*x = -3*h - 48 - 19, 4*x + 2*h = -52. Let l be -2*(-34)/(-4) + 2. Let s = x - l. Determine n(s).
5
Suppose -56 + 2 = 9*w. Let f(q) = q**2 + 6*q - 6. Calculate f(w).
-6
Suppose -2*s - 3*x = x - 12, -4*x + 8 = 0. Suppose -6*i + 29 - 11 = 0. Let t(a) = 15*a**3 - 10*a**i - 6*a**3 - 4*a + 0*a + 2*a**2 + 3. Give t(s).
-5
Let w(i) be the first derivative of 9*i**3 - 126. Determine w(-1).
27
Let d(n) = -22*n**3 + n**2 - 6*n - 9. Let f(j) = 4*j**3 + j + 1. Let x(u) = d(u) + 7*f(u). Calculate x(2).
52
Let k(x) be the first derivative of -x**3/3 - 3*x**2 + 7*x + 79. What is k(-8)?
-9
Let i(s) = -s**2 + s + 2. Suppose -68 = 3*n - 56. Let o be n + 5*6/5. What is i(o)?
0
Let z(v) = -v - 6. Let o be ((-4)/8*0)/1. Suppose o = -6*d + 7*d + 8. Give z(d).
2
Let f(q) be the second derivative of q**5/20 - q**4/6 + q**3/3 + 3*q**2/2 + 289*q. Determine f(-2).
-17
Let m(x) be the first derivative of -x**3/3 + 3*x**2/2 + 4*x + 284. What is m(3)?
4
Suppose 580 = 34*j + 172. Let v(l) = l**3 - 12*l**2 - 2*l + 28. What is v(j)?
4
Suppose 16 = 5*y - 9. Let u(k) = 6 + y*k - 7 + 15 - 3*k. Let q be u(-8). Let o(w) = -w**2 - 5*w - 3. Calculate o(q).
3
Let k(t) = -16*t**3 + 16*t**2 + 7*t - 12. Let q(i) = -13*i**3 + 14*i**2 + 6*i - 12. Let z(c) = 4*k(c) - 5*q(c). Determine z(6).
0
Let z(q) = 5*q**2 - 2*q + 3. Let d(j) = -11*j**2 + 5*j - 6. Suppose -4*o = 4*p + 32, -2*o = -o + 5*p - 12. Let i(w) = o*z(w) - 6*d(w). Give i(4).
-3
Suppose 1 = -3*z + 4*z. Let u(m) = m**3 - m. Let n(b) = 7*b**3 - b**2 - 2*b. Let g be 3/2*(8 - 6). Let d(s) = g*u(s) - n(s). What is d(z)?
-4
Let o(x) = -x**2 + 4*x + 1. Let q(t) = 2*t**2 + 3*t + 19. Let a(h) = -3*o(h) - q(h). Give a(16).
-6
Let r = 88 - 48. Let b(j) = 19 + 23 - r - 5*j**2 - 2*j. Give b(-2).
-14
Let l be (39 + -3)*(-1)/1. Let r be l*(-7)/(42/16). Let w be 12/90 + r/(-45). Let g(n) = 2*n. Calculate g(w).
-4
Let h(t) = 2*t - 23. Let b be h(10). Let s be (6 + b)*(-4)/(-6). Let o(k) = k. What is o(s)?
2
Let d be (-26)/(-8) - 2/8. Let p = 42 + -39. Let l(h) = -5*h**3 + 2*h**2 + 5*h**3 + h + p*h**3 - 4*h**3. What is l(d)?
-6
Let y(b) = -b**2 + 5*b + 6. Suppose -7*h + 5*h = -46. Let s = h + -16. Determine y(s).
-8
Let g(r) = -r**2 - 11*r + 6. Let l be (88/32 + 0)*-4. Give g(l).
6
Let r = -4 + 8. Let x be 1/r + 5/(-20). Let o(y) = -4*y**2 + 2*y**2 - 4 + y**2. Determine o(x).
-4
Suppose s + 2 = -0*s. Let a(y) = 4*y**2 + 3*y + 5. Suppose -6*q - 81 + 63 = 0. Let x(w) = -5*w**2 - 2*w - 6. Let t(c) = q*a(c) + s*x(c). Calculate t(-3).
-6
Let g(f) = f - 4. Let d(b) be the third derivative of -5*b**4/24 + b**3/2 + 7*b**2. Let p be d(-1). What is g(p)?
4
Let l(g) = 2*g - 2. Suppose -9*o + 4*o = -80. Suppose o = -4*w + 8. What is l(